+ 9712. What is the remainder when u is divided by 148?
15
Let f = 41 + -14. Let m(u) be the first derivative of -u**3/3 + 9*u**2/2 - 6*u + 15. Calculate the remainder when f is divided by m(7).
3
Let t = 44 - 26. Suppose -5*p = 2*n - 0*p - 18, -2*n = -p - t. Let s(v) = -14*v + 116. Calculate the remainder when n is divided by s(8).
1
Let t be 6/(-33) - (-21552)/(-44). Let g = -466 - t. Calculate the remainder when 77 is divided by g.
5
Let i(f) = 10*f**3 + f**2 + 2*f. Suppose -j = -2*p, -6*j - 6 = -10*j + 2*p. Calculate the remainder when i(j) is divided by 29.
1
What is the remainder when 1240 is divided by -184*(-10 + 21 + -18 + 5)?
136
Let b(c) = -2*c**3 + 202*c**2 + 188*c + 1658. Calculate the remainder when b(102) is divided by 3/2*-1*-4.
2
Let j(o) be the third derivative of -o**5/20 - 5*o**4/6 - o**3/6 + 19*o**2. Let i be j(-8). Let w = 114 + i. Calculate the remainder when w is divided by 21.
18
Suppose -31*k + 1059 = 8*k - 4206. What is the remainder when 5129 is divided by k?
134
What is the remainder when 453 is divided by 336*((-120)/432)/(5/(-12))?
5
Suppose -b + 46 = -11. Let h(v) = -9*v**3 - 43*v**2 - 11*v + 3. Calculate the remainder when h(-5) is divided by b.
51
Let w(b) = 5*b**2 - 21*b. Suppose 3*x - 2*r - 11 - 7 = 0, 0 = 2*r. What is the remainder when w(x) is divided by 15?
9
Let m be 348/7 + (-4)/14*-1. Let q = m - 31. Suppose 0 = 2*s - 6, -d - 2*s = -0*d - q. What is the remainder when 38 is divided by d?
12
Let g be (-4340)/42*24/(2 - 4). Suppose -6*p + g - 304 = 0. Suppose -54*x = -58*x + p. Calculate the remainder when x is divided by 20.
19
Let n = -55 + 161. Let p = 135 - n. Calculate the remainder when 201 is divided by p.
27
Let z = 23878 + -23604. What is the remainder when 802 is divided by z?
254
Suppose -1296 = -6*c - q - q, 2*q = 12. What is the remainder when c is divided by 23?
7
Suppose 0 = -2*y - 58*m + 60*m + 68, -3*m = -15. Calculate the remainder when 174 is divided by y.
18
Suppose -105*h - 1001 = -83*h - 3883. Let a(x) = x + 7. Calculate the remainder when h is divided by a(8).
11
Let i be (1 - 7)*(3 - 4). Let z(v) = 2*v**3 - 15*v**2 + 18*v + 16. Calculate the remainder when 44 is divided by z(i).
12
Suppose h + 9 = -2*h. Suppose -5*f + 28 = 3*c - 5*c, 0 = 2*f - 3*c - 9. What is the remainder when 5 is divided by f/h - (-2 - 1)?
0
Suppose -44*d = -2*d - 21*d - 378. Calculate the remainder when 1392 is divided by d.
6
Suppose -5*o = -3*r + 220, 0 = -3*o + r + 2*r - 132. What is the remainder when 120/(-660) - (-82)/o*-138 is divided by 52?
49
Let l be (-1)/(-1) + (-2 + 1)*-13. Suppose 3*c = l*c - 220. Suppose 5*y - c = 0, 3*g + y + 4 - 29 = 0. What is the remainder when 41 is divided by g?
6
Let x = -15640 - -32997. Calculate the remainder when x is divided by 40.
37
What is the remainder when 32184/14 + 32/28 + -1 is divided by 46?
45
Suppose 16*o - 40 = 12*o. Suppose 5*y = 0, 4*m - 4*y = 3*m + 7. Calculate the remainder when m is divided by (o/(-4) - -1)*30/(-9).
2
Suppose -22 + 1 = -7*g. Suppose a + 132 = 3*n, g*n - 2*a = 184 - 49. What is the remainder when 85 is divided by n?
42
Let q(x) = 5*x**2 - 13*x + 63. Calculate the remainder when q(6) is divided by 4 - (-410)/8 - (-6)/8.
53
Let f(g) = g**3 + 5*g**2 - 3. Suppose 2*b - 2*w - 17 = -w, 0 = b - w - 9. Suppose 24 = -b*s - 0*s. What is the remainder when 34 is divided by f(s)?
4
Suppose -3*l = 4*h - 359, 4*l + h = -34 + 504. Let g = -262 - -325. What is the remainder when l is divided by g?
54
Let u(v) = 3*v**3 - 3*v**2 - 2*v + 1. Let c(i) = i**3 + 10*i**2 + 312*i + 4806. What is the remainder when c(-13) is divided by u(3)?
47
Suppose 7998 = 18*p - 14*p + 5*h, 3*p - 3*h - 5985 = 0. Calculate the remainder when p is divided by 977.
43
Suppose 0 = 19*t - 17322 + 16942. What is the remainder when 979 is divided by t?
19
Calculate the remainder when (1 + -2)/((-2)/318) is divided by (-1)/(-20) - 85785/(-4300).
19
Let n(q) = q**3 + 26*q**2 - 23*q + 26. Let p be n(-27). Let y = p - -99. Let x(k) = -4*k - 1. What is the remainder when x(-7) is divided by y?
10
What is the remainder when 692 is divided by -37 + 30 + 4/((-20)/(-315))?
20
Suppose 0 = -12*k + 10*k + 10, -4*w - 4*k = -36. What is the remainder when 74 is divided by w/(-10)*(-18 - 7)?
4
Let g = -79 - -82. Let n be (2/(-3) - (-1)/g)*-3. What is the remainder when 43 is divided by 26 + (-2 + 1 + 0)*n?
18
Let k be (((-280)/25)/(-7))/(2/150). Calculate the remainder when 44 is divided by (-44)/(-6) + (-40)/k.
2
Let b(p) = -6*p - 1. Let g be b(-1). Suppose -6*i = 5 - g. Suppose 5*f + 35 - 45 = i. What is the remainder when 5 is divided by f?
1
Let a(f) = -4*f - 59. Let z be 12/5 - (-4)/20*-2. Suppose 5*o - 20 + 90 = 5*m, -z*o = -4*m + 20. Calculate the remainder when 64 is divided by a(o).
12
Let y = 21 - 4. Calculate the remainder when 7/(21/348) - 15 is divided by y.
16
Suppose 208 = 8*f - 771 + 251. What is the remainder when 473 is divided by f?
18
Suppose 30972 - 25914 + 139072 = 290*o. Calculate the remainder when o is divided by 15.
2
Suppose 4*v = v + 4*u + 332, -3*u = -3*v + 339. Calculate the remainder when 363 is divided by v.
3
Let x(n) = 9*n**2 - 132*n - 1. Let z(r) = 3*r**2 - r - 4. What is the remainder when x(15) is divided by z(-3)?
18
Suppose -3*f - 46 = -y, 448*y - 446*y - 57 = f. What is the remainder when 4511 is divided by y?
11
Let f be ((-130)/(-30))/((-1)/6). Let o(i) = -i**2 - 31*i - 13. What is the remainder when o(f) is divided by 15?
12
Let a = 8 - -5. Let p(v) = 4*v**2 - 8*v - 175. Let h(q) = -7*q**2 + 14*q + 350. Let k(j) = 3*h(j) + 5*p(j). What is the remainder when k(-9) is divided by a?
11
Let k be (-30)/135 + 40/18. Suppose 2*y = y + k*y. Suppose 320 = -y*p + 5*p. What is the remainder when p is divided by 17?
13
Let n(t) = 4*t - 62. Let c(p) = -1. Let y(u) = -20*c(u) - 2*n(u). Let j be y(0). Let s = j - 135. What is the remainder when s is divided by 9?
0
Let g = 351 - 349. Suppose -d + 32 = l, 2*d + g*l + 17 = 3*d. Calculate the remainder when 52 is divided by d.
25
Calculate the remainder when 272 is divided by 6 - ((13 - 1)/6 + 0 + -125).
14
Let d = 544 + -49. Calculate the remainder when 70 is divided by (1/(-3))/((-11)/d).
10
Suppose -10*t = -9*t - 1. Let d be (24/t)/((-2)/(-3))*1. Let f = 67 - d. What is the remainder when f is divided by 11?
9
Suppose 0 = 258*q - 261*q + 2775. Calculate the remainder when q is divided by 203.
113
Let r = -48 - -286. Suppose 2*k - 73 + 13 = 0. Calculate the remainder when r is divided by k.
28
Let z(n) = 2*n**2 + 34*n + 42. Let m(y) = -6*y + 19. Let x be m(6). Calculate the remainder when 670 is divided by z(x).
40
Let i = 160291 + -160266. Calculate the remainder when ((-98)/(-5))/((-1)/(-5)) is divided by i.
23
Let u be (-970)/12 - (-4)/(-48)*2. Let d = u - -86. Suppose -d*c + 467 = 122. Calculate the remainder when c is divided by 24.
21
Suppose -45*c = -1211 - 4414. What is the remainder when 220 is divided by c?
95
Let a = -971 - -570. Let i = -190 - a. What is the remainder when i is divided by 18?
13
Let l(d) = 4*d**2 + 40*d - 405. Let w(z) = 6*z**2 - 3*z + 10. Calculate the remainder when w(7) is divided by l(7).
70
Suppose 5*w - 85 = -4*c, -9*c + 68 = 4*w - 10*c. Suppose y + w + 24 = 2*i, 4*i - 94 = -2*y. Calculate the remainder when 36 is divided by i.
14
Let y = 4 - -16. Suppose 11*j + y = 15*j. Suppose j*w = 5*g + 600, 5*w = w - 3*g + 515. What is the remainder when w is divided by 16?
13
Suppose 9*b + 3*b = -5684 + 46460. Calculate the remainder when b is divided by 54.
50
Suppose 31 + 14 = 3*v. Let w = -352 - -520. Suppose 5*y = 11*y - w. Calculate the remainder when y is divided by v.
13
Let q be -4 - 2/(-6)*-3*-22. Let s = q - -19. What is the remainder when 96 is divided by s?
22
Let o(r) = -45*r + 2093. What is the remainder when o(32) is divided by 166?
155
Let w = 9978 + -9956. Calculate the remainder when 284 is divided by w.
20
What is the remainder when -4 + 9 - (-54 - 12499) is divided by 19?
18
Let w = -59896 + 60231. Suppose 4*v - 2*v = 84. Calculate the remainder when w is divided by v.
41
Suppose t - 7 - 3 = 0. Let u = -217 - -211. What is the remainder when (54 - (u + 3))*(3 - 2) is divided by t?
7
Let v = 11 - 9. Suppose 2*w + v*w + 28 = 4*t, 0 = -3*t - 4*w - 7. Calculate the remainder